1
Suppose -4*p = 5*n - 752, 0*n = -3*p - 4*n + 564. What is the hundreds digit of p?
1
Let b(y) = 2*y**2 - 3*y - 3. Let m = 6 + -17. Let c = -7 - m. What is the tens digit of b(c)?
1
Let j(k) = -23*k**3 + 1. Let b be j(1). Let c = b + 43. What is the units digit of c?
1
Suppose -2*h + 0*h + 18 = 4*n, -n + 3 = 0. Suppose -5*s + 0*s = h*x + 20, 0 = x + 5. What is the units digit of 72/15 - s/5?
5
Let z be 3*3/(27/(-96)). Let i = 56 + z. What is the units digit of i?
4
Let i(u) = 10*u**2 - 11*u - 16. What is the units digit of i(5)?
9
Let v = 34 - -6. What is the tens digit of v?
4
Suppose -1 - 2 = 3*s. Let y = 3 + s. Suppose -3*n = 4*f - 35, -y*f - 3 + 21 = 2*n. What is the units digit of f?
8
Let d(j) = j**2 + 4*j - 4. Let l be d(-4). Let m(c) = -2*c + 3. Let p be m(-3). Let g = l + p. What is the units digit of g?
5
What is the tens digit of 551/7 + (-6)/(-21)?
7
Suppose 8 = 4*r - 0*r. Suppose -r*p - 4 = z, 36 = 4*z - 3*p + 8. Suppose 3*k - u - 16 = -5*u, 3*u - 19 = -z*k. What is the units digit of k?
4
Let u = 154 + -33. What is the units digit of (10 + -1)*u/33?
3
Suppose 0 = 5*u - 0*m + 3*m - 89, -u - 3*m = -25. What is the tens digit of u?
1
Let a = 38 - -81. What is the tens digit of a?
1
Let n = 71 + -39. Suppose -3*j + n = -j. What is the units digit of j?
6
Let u be 911/3 + 6/(-9). What is the units digit of u/27 - (-2)/(-9)?
1
Suppose -52*p + 54*p - 12 = 0. What is the units digit of p?
6
Let l(p) = -p**3 + 8*p**2 + 10*p - 7. Suppose -2*y - 2*y + 36 = 0. What is the units digit of l(y)?
2
Let n = 14 - 8. Suppose 5*g = -0*d - 2*d + 17, 0 = -3*d - 3*g + 3. Let f = n + d. What is the units digit of f?
2
Let h(r) = 5*r**2 - r + 5. What is the units digit of h(3)?
7
Suppose -6*j = -3*j - 78. Suppose m - 17 = -3*n + 6*m, 4*n - 5*m = j. What is the units digit of 0 - ((-3)/(-3) - n)?
8
Let z(v) = -2*v - 1. Let l = 7 + -3. Suppose -3*c = 5*u + 32, 5*u - 6*u = l*c + 20. What is the units digit of z(u)?
7
Let j be (-2)/(-10) + 168/(-15). Let f = 0 - j. What is the tens digit of f?
1
Suppose 0 = -m - 5*l + 14 + 98, 0 = 5*m - l - 586. What is the hundreds digit of m?
1
Suppose -370 = -4*c - 2*l, 4*l = 2*c - 34 - 176. What is the units digit of c?
5
Let h = 230 + -106. What is the tens digit of h?
2
Suppose -2 = 5*w - 12. Suppose -4 = -w*s - 0. What is the units digit of s?
2
Suppose -5*t = -3*t - 10. Let q = -3 + t. What is the units digit of q?
2
Suppose -4*t = t - 400. What is the tens digit of t?
8
Let j = 2 + -3. Let z(u) = -21*u**3 - u - 1. Let w be z(j). Suppose 0 = -4*c + 11 + w. What is the units digit of c?
8
Let r(b) = 28*b + 16. What is the tens digit of r(6)?
8
What is the units digit of -636*(0 - 1/2)?
8
Let g(q) = -q - 2. Let j(l) = -l**3 + 12 + 2*l - 7*l**2 + 9*l**2 + 6*l**2 + 5*l. Let c be j(9). What is the units digit of g(c)?
4
Let h(m) = m + 21. What is the tens digit of h(-5)?
1
Let h(i) = -2*i**3 - 4*i**2 - i + 2. Let x be h(-2). Suppose 1 = -x*m + 5. Suppose 0*d + 8 = 4*z - 5*d, m = -z + 2*d. What is the units digit of z?
7
Let z = -4 - -9. Suppose a - z*a = -16. Suppose 5*w - 73 = 2*m, 48 = a*w + 2*m - m. What is the tens digit of w?
1
Let o be 1/(-3) + 26/6. Let v = o + 4. What is the units digit of v?
8
Suppose 1 = -4*q - 23. What is the units digit of 2 + (-10)/q*3?
7
Suppose 5 + 4 = -3*h. Let c = -5 - h. Let m = 6 + c. What is the units digit of m?
4
Let q(h) = h - 7. Let d be q(5). Let w = 0 - d. Suppose w + 1 = 3*g. What is the units digit of g?
1
Suppose u - 11 = -3*j, 0*u = 3*j - 2*u - 23. Suppose 2*z + 31 = -5*w + 4*z, 4 = -2*w + j*z. Let c(a) = -a**2 - 6*a + 10. What is the units digit of c(w)?
3
What is the hundreds digit of 4/(-6)*(-2232)/8?
1
Let p be (14/4 + -1)/((-25)/(-20)). Let c(q) = q**2 + 4*q - 1. Let n be c(3). Suppose 2*y + 5*l = 20, 2*y - n = 7*l - p*l. What is the units digit of y?
0
Let q(i) = -55*i - 4. Let m(s) = 28*s + 2. Let o(v) = 5*m(v) + 3*q(v). What is the tens digit of o(-1)?
2
Let y(z) be the first derivative of z**2/2 - 3. Let s be y(0). Suppose s = -4*i - m + 13, -5*m - 11 = -2*i - 4*m. What is the units digit of i?
4
What is the tens digit of (-90)/(-20)*16/3?
2
Let g(o) = -2. Let y(w) = w - 4. Let t(x) = 5*g(x) - 3*y(x). Let a be t(4). What is the units digit of (-10)/(-4)*(-12)/a?
3
Let r = -84 + 215. What is the hundreds digit of r?
1
Let x = 5 + -2. Suppose x*u + 20 = -u. What is the units digit of (-14)/u + (-6)/(-30)?
3
Suppose 0 = 2*z + p - 7, -4*z + 0*p - 4 = -4*p. What is the units digit of z?
2
Suppose 4*z + 5*a + 17 = 0, z - 5*a - 22 = -a. Let g = -30 + 66. Suppose -z*c + 6*c = g. What is the units digit of c?
9
Suppose -y = -0*y. Let n be (-12)/((y - -2)/(-1)). Let s = -4 + n. What is the units digit of s?
2
Suppose -12 = -3*x - 0*x - 5*a, -3*x + 12 = -4*a. What is the units digit of (-4)/3*(-6)/x?
2
Suppose -3*b - 6 - 11 = -4*y, 5*b + 21 = 3*y. Suppose -3*q + q = -4. Suppose -y*l = q*l - 32. What is the units digit of l?
8
Let w(n) = n**3 + 7*n**2 - 8*n + 3. Let f be (-8)/36 - 140/18. What is the units digit of w(f)?
3
Suppose -5*i + 152 = 5*g - 798, -2*i - g + 379 = 0. What is the units digit of i?
9
Let x = 18 + 70. What is the tens digit of x?
8
Let x be ((-31)/2)/(3/(-6)). Suppose -x = -2*t + 1. What is the tens digit of t?
1
Suppose 4*d = 3*l - 11, 3*d - 21 = -l - 0*l. Let a = 17 - l. What is the units digit of a?
8
Let a(l) = l**3 + 8*l**2 + 7*l - 5. Let z be a(-7). Let x be (2/z)/((-4)/10). Suppose -p - 16 = -5*y + x, 2*p + 2*y = 14. What is the units digit of p?
3
What is the units digit of (-1)/(-1)*(-4)/(-2)?
2
Suppose 4 = -5*s + 4*x + 48, -16 = -4*x. What is the tens digit of s?
1
Let f be -2 + (-2)/(-2) + 1. Let u be ((-2)/(-1))/2*f. Suppose 3*i + 29 = j, u = 3*j - 5*i - 98 + 27. What is the tens digit of j?
1
Suppose 0*l = -4*l + 20. Suppose -5*h - s + 22 = -h, -s = -l*h + 23. What is the units digit of h?
5
Suppose -b - 4*b + 40 = 0. What is the units digit of b?
8
Let o(q) = 5*q**3 + q. What is the units digit of o(1)?
6
Suppose 0*f = -3*f - 36. Let q = 22 + f. What is the tens digit of q?
1
Suppose -4 = -2*z + 2. Suppose 4 = z*f - 2. What is the units digit of -2*(f - (-11)/(-2))?
7
Suppose -159*z + 157*z + 304 = 0. What is the tens digit of z?
5
Let c = 175 + -165. What is the tens digit of c?
1
Suppose 0 = -3*p + 35 + 7. Let h = -5 + p. What is the units digit of h?
9
Let b = 6 + -1. Suppose -b*x + 2 = -18. Suppose -3*n = x*j - n - 32, 4*j - 30 = -3*n. What is the units digit of j?
9
Suppose 2*m + 1242 = 8*m. What is the units digit of m?
7
Let v(r) = -r - 6. Let s be v(-4). Let m = s + 3. Suppose w - 3*k + m = -1, -4*k - 45 = -5*w. What is the tens digit of w?
1
Let a(s) = 5*s - 18. What is the tens digit of a(6)?
1
Suppose 3*r = -2*a + 4, 0 = 3*r - 5*r. Suppose 4*i + 0*k = a*k + 116, 3*i - 2*k - 85 = 0. What is the tens digit of i?
3
Let h be 513/36 - 2/8. Suppose -n + 0*n + h = -2*p, -91 = -4*n + p. What is the tens digit of n?
2
Suppose 29 = 2*z - 29. What is the units digit of z?
9
Let q be -1*(-7 - 3/(-3)). Suppose -4*g = -3*n - 0*g - 6, -g + 9 = 3*n. Suppose -n*u + q - 2 = 0. What is the units digit of u?
2
Suppose 3*p - 6*p = 3*i - 402, -5*i + 2*p + 635 = 0. What is the hundreds digit of i?
1
Let o(u) = u**3 - 4*u**2 - u. Let a be o(4). Let d(x) = -x**3 - 4*x**2 + 2*x + 4. Let f be d(a). What is the units digit of 18*((-14)/f + -3)?
9
Suppose 3*g + g = 24. Let p = g - 3. What is the units digit of (-1)/p + (-150)/(-18)?
8
Let t(r) = r + 2 - 1 + 0. What is the units digit of t(0)?
1
What is the tens digit of -1*92/(-12)*6?
4
Let j be -3*(-20)/(-42)*-7. Suppose -2*s = -j - 8. What is the units digit of s?
9
Suppose 5*i = 7*i - 24. What is the units digit of i?
2
Let s = -25 + 53. Suppose -2*k = 3*i - 17, -5*k + s = 5*i - 2*k. Let z = 6 - i. What is the units digit of z?
1
What is the tens digit of ((-12)/(-28) + (-1730)/(-14))*1?
2
Suppose x + 220 = 3*x. Let u = 161 - x. What is the tens digit of u?
5
Let p(u) = 3*u - 9. Let y(b) = b - 1. Let m(j) = -2*p(j) + 4*y(j). What is the tens digit of m(-10)?
3
Let y(b) be the third derivative of b**6/720 - b**5/30 + b**4/8 - 3*b**2. Let n(c) be the second derivative of y(c). What is the units digit of n(7)?
3
Let b(a) = a**3 + a**2 - 2. What is the units digit of b(2)?
0
Suppose 5*x - 5*l - 215 = 0, 80 